
What is the units digit of 140653?
3
What is the hundreds digit of 32754?
7
What is the ten thousands digit of 192898?
9
What is the hundreds digit of 4556715?
7
What is the hundred thousands digit of 13202919?
2
What is the units digit of 2194144?
4
What is the thousands digit of 1405455?
5
What is the tens digit of 280364?
6
What is the hundred thousands digit of 803715?
8
What is the units digit of 28590?
0
What is the ten thousands digit of 29669181?
6
What is the hundreds digit of 563174?
1
What is the units digit of 13407457?
7
What is the tens digit of 598349?
4
What is the ten thousands digit of 258215?
5
What is the ten thousands digit of 1832055?
3
What is the hundreds digit of 209228?
2
What is the units digit of 298416?
6
What is the hundreds digit of 6441155?
1
What is the hundreds digit of 24391576?
5
What is the ten thousands digit of 4844213?
4
What is the hundreds digit of 174906?
9
What is the hundred thousands digit of 3052535?
0
What is the millions digit of 1032100?
1
What is the thousands digit of 10357938?
7
What is the ten thousands digit of 71951?
7
What is the ten thousands digit of 16132963?
3
What is the hundreds digit of 776950?
9
What is the tens digit of 26686977?
7
What is the millions digit of 18204536?
8
What is the millions digit of 2775397?
2
What is the tens digit of 5718071?
7
What is the units digit of 6926503?
3
What is the tens digit of 706053?
5
What is the units digit of 34844881?
1
What is the ten thousands digit of 708925?
0
What is the millions digit of 25859777?
5
What is the tens digit of 94889?
8
What is the thousands digit of 2949278?
9
What is the thousands digit of 166016?
6
What is the millions digit of 16733353?
6
What is the units digit of 205785?
5
What is the ten thousands digit of 321698?
2
What is the ten thousands digit of 762500?
6
What is the ten thousands digit of 202178?
0
What is the ten thousands digit of 1408089?
0
What is the tens digit of 122509?
0
What is the hundred thousands digit of 1424585?
4
What is the thousands digit of 34839319?
9
What is the units digit of 157773?
3
What is the tens digit of 1444123?
2
What is the ten thousands digit of 5857438?
5
What is the hundreds digit of 3514972?
9
What is the tens digit of 22209245?
4
What is the hundred thousands digit of 359784?
3
What is the tens digit of 373420?
2
What is the hundreds digit of 833426?
4
What is the units digit of 13855915?
5
What is the hundreds digit of 10759554?
5
What is the hundreds digit of 252957?
9
What is the hundred thousands digit of 108837?
1
What is the units digit of 188910?
0
What is the hundred thousands digit of 22622830?
6
What is the tens digit of 5050835?
3
What is the hundred thousands digit of 11541286?
5
What is the millions digit of 3568485?
3
What is the tens digit of 716937?
3
What is the ten thousands digit of 1266370?
6
What is the thousands digit of 456987?
6
What is the millions digit of 2279188?
2
What is the thousands digit of 2521?
2
What is the thousands digit of 381425?
1
What is the ten thousands digit of 2117486?
1
What is the units digit of 5127320?
0
What is the hundreds digit of 4716613?
6
What is the thousands digit of 1270829?
0
What is the thousands digit of 507073?
7
What is the hundreds digit of 7813650?
6
What is the hundreds digit of 33066317?
3
What is the millions digit of 1804431?
1
What is the hundreds digit of 57675?
6
What is the units digit of 493396?
6
What is the thousands digit of 95252?
5
What is the hundreds digit of 87292?
2
What is the hundred thousands digit of 309300?
3
What is the ten thousands digit of 1971438?
7
What is the hundred thousands digit of 2662043?
6
What is the units digit of 800184?
4
What is the hundred thousands digit of 180729?
1
What is the hundred thousands digit of 1722612?
7
What is the hundred thousands digit of 13836378?
8
What is the ten thousands digit of 2934750?
3
What is the ten thousands digit of 183804?
8
What is the tens digit of 257130?
3
What is the thousands digit of 459631?
9
What is the tens digit of 126007?
0
What is the units digit of 785300?
0
What is the ten thousands digit of 296114?
9
What is the thousands digit of 596779?
6
What is the hundred thousands digit of 145130?
1
What is the units digit of 264889?
9
What is the tens digit of 17381?
8
What is the tens digit of 1264844?
4
What is the tens digit of 207216?
1
What is the hundreds digit of 4181555?
5
What is the hundreds digit of 83620?
6
What is the hundreds digit of 2644516?
5
What is the thousands digit of 3580?
3
What is the hundreds digit of 758846?
8
What is the units digit of 7310149?
9
What is the thousands digit of 10385358?
5
What is the units digit of 84457?
7
What is the thousands digit of 7893298?
3
What is the tens digit of 2656332?
3
What is the ten thousands digit of 3054469?
5
What is the units digit of 921304?
4
What is the hundred thousands digit of 5273698?
2
What is the millions digit of 3074148?
3
What is the tens digit of 9770?
7
What is the hundreds digit of 1587436?
4
What is the thousands digit of 127830?
7
What is the tens digit of 187381?
8
What is the units digit of 3059321?
1
What is the units digit of 1292030?
0
What is the hundreds digit of 1467702?
7
What is the hundreds digit of 245?
2
What is the millions digit of 3219381?
3
What is the tens digit of 319715?
1
What is the millions digit of 2300024?
2
What is the hundreds digit of 4985443?
4
What is the units digit of 8405760?
0
What is the units digit of 31177972?
2
What is the units digit of 570458?
8
What is the hundreds digit of 1012057?
0
What is the hundreds digit of 5418245?
2
What is the thousands digit of 7729241?
9
What is the tens digit of 184334?
3
What is the thousands digit of 11972547?
2
What is the ten thousands digit of 168496?
6
What is the millions digit of 1701354?
1
What is the ten thousands digit of 118035?
1
What is the ten millions digit of 14451308?
1
What is the thousands digit of 120424?
0
What is the hundreds digit of 74713?
7
What is the ten thousands digit of 196922?
9
What is the ten millions digit of 17050472?
1
What is the units digit of 3694833?
3
What is the hundred thousands digit of 299033?
2
What is the thousands digit of 753736?
3
What is the thousands digit of 328919?
8
What is the hundred thousands digit of 803317?
8
What is the hundred thousands digit of 2731094?
7
What is the hundred thousands digit of 362095?
3
What is the hundreds digit of 214433?
4
What is the millions digit of 1108021?
1
What is the thousands digit of 174852?
4
What is the thousands digit of 5626778?
6
What is the hundreds digit of 697248?
2
What is the thousands digit of 642412?
2
What is the ten thousands digit of 251195?
5
What is the thousands digit of 405270?
5
What is the millions digit of 1819179?
1
What is the hundreds digit of 1940490?
4
What is the ten thousands digit of 1264671?
6
What is the thousands digit of 14876891?
6
What is the units digit of 7749036?
6
What is the ten thousands digit of 2862288?
6
What is the units digit of 1061164?
4
What is the thousands digit of 754484?
4
What is the tens digit of 856071?
7
What is the hundred thousands digit of 6773852?
7
What is the units digit of 3798794?
4
What is the hundreds digit of 6502461?
4
What is the ten thousands digit of 46467?
4
What is the ten thousands digit of 7253477?
5
What is the ten thousands digit of 366953?
6
What is the thousands digit of 215232?
5
What is the tens digit of 252434?
3
What is the thousands digit of 759453?
9
What is the hundreds digit of 760251?
2
What is the hundreds digit of 242077?
0
What is the ten thousands digit of 7543327?
4
What is the units digit of 3327693?
3
What is the hundreds digit of 1307130?
1
What is the hundred thousands digit of 4645148?
6
What is the units digit of 8842812?
2
What is the units digit of 256715?
5
What is the ten thousands digit of 214973?
1
What is the hundreds digit of 137783?
7
What is the thousands digit of 3745835?
5
What is the millions digit of 5817477?
5
What is the hundred thousands digit of 455421?
4
What is the hundred thousands digit of 197731?
1
What is the millions digit of 2086401?
2
What is the units digit of 1319286?
6
What is the ten thousands digit of 5450885?
5
What is the thousands digit of 235